{"id":230,"date":"2024-02-14T08:21:07","date_gmt":"2024-02-14T07:21:07","guid":{"rendered":"https:\/\/www.egliseunity.com\/?page_id=230"},"modified":"2024-04-28T14:19:40","modified_gmt":"2024-04-28T12:19:40","slug":"cours-bibliques","status":"publish","type":"page","link":"https:\/\/www.egliseunity.com\/index.php\/cours-bibliques\/","title":{"rendered":"COURS BIBLIQUES"},"content":{"rendered":"\n<div class=\"wp-block-media-text is-stacked-on-mobile\"><figure class=\"wp-block-media-text__media\"><img loading=\"lazy\" decoding=\"async\" width=\"575\" height=\"925\" src=\"https:\/\/www.egliseunity.com\/wp-content\/uploads\/2024\/04\/cours1.webp\" alt=\"\" class=\"wp-image-345 size-full\" srcset=\"https:\/\/www.egliseunity.com\/wp-content\/uploads\/2024\/04\/cours1.webp 575w, https:\/\/www.egliseunity.com\/wp-content\/uploads\/2024\/04\/cours1-186x300.webp 186w\" sizes=\"auto, (max-width: 575px) 100vw, 575px\" \/><\/figure><div class=\"wp-block-media-text__content\">\n<h2 class=\"wp-block-heading\">VIVRE AVEC DIEU<\/h2>\n\n\n\n<p>Cours n\u00b01<\/p>\n\n\n\n<p>Il n\u2019y a pas de plus grand bonheur que de Vivre avec Dieu.<br>La Bible nous montre comment cela peut se faire et ce cours nous aide \u00e0 le d\u00e9couvrir. Son objectif est de faire de tous les croyants de vrais chr\u00e9tiens en leur permettant d\u2019\u00e9tablir leur vie spirituelle sur les solides bases d\u2019une v\u00e9ritable exp\u00e9rience avec le Sauveur J\u00e9sus-Christ et d\u2019un engagement authentique pris en connaissance de cause.<br><br><\/p>\n\n\n\n<div class=\"wp-block-buttons is-content-justification-center is-layout-flex wp-container-core-buttons-is-layout-16018d1d wp-block-buttons-is-layout-flex\">\n<div class=\"wp-block-button\"><a class=\"wp-block-button__link wp-element-button\" href=\"https:\/\/www.egliseunity.com\/wp-content\/uploads\/2024\/04\/cours1.pdf\">Acc\u00e9der au cours<\/a><\/div>\n<\/div>\n<\/div><\/div>\n\n\n\n<div class=\"wp-block-media-text is-stacked-on-mobile\"><figure class=\"wp-block-media-text__media\"><img loading=\"lazy\" decoding=\"async\" width=\"471\" height=\"1024\" src=\"https:\/\/www.egliseunity.com\/wp-content\/uploads\/2024\/04\/cours2-471x1024.webp\" alt=\"\" class=\"wp-image-344 size-full\" srcset=\"https:\/\/www.egliseunity.com\/wp-content\/uploads\/2024\/04\/cours2-471x1024.webp 471w, https:\/\/www.egliseunity.com\/wp-content\/uploads\/2024\/04\/cours2-138x300.webp 138w, https:\/\/www.egliseunity.com\/wp-content\/uploads\/2024\/04\/cours2.webp 575w\" sizes=\"auto, (max-width: 471px) 100vw, 471px\" \/><\/figure><div class=\"wp-block-media-text__content\">\n<h2 class=\"wp-block-heading\">FORMATION DOCTRINALE : LES BASES DE LA FOI CHR\u00c9TIENNE<\/h2>\n\n\n\n<p>Cours n\u00b02<\/p>\n\n\n\n<p>L\u2019objectif est d\u2019amener les croyants \u00e0 une connaissance suffisante des Ecritures pour pouvoir d\u2019une part continuer \u00e0 progresser dans la foi et d\u2019autre part, r\u00e9sister \u00e0 l\u2019influence de fausses doctrines. Pour rep\u00e9rer le faux, il faut bien conna\u00eetre le vrai.<\/p>\n\n\n\n<p>Ainsi, apr\u00e8s avoir pos\u00e9 les bases d\u2019une conviction enracin\u00e9e dans l\u2019Ecriture et v\u00e9cue dans l\u2019Eglise, le cours d\u00e9veloppe d\u2019abord ce qui concerne la personne de Dieu (la trinit\u00e9, la personne de J\u00e9sus, la personne du Saint-Esprit), puis ce qui concerne l\u2019homme (sa cr\u00e9ation, sa chute, son rel\u00e8vement et sa nouvelle mani\u00e8re de vivre en Christ). Enfin, le monde invisible, la vie apr\u00e8s la vie et les temps de la fin sont abord\u00e9s successivement.<br>Le document ci-joint reprend synth\u00e9tiquement le contenu du cours.<\/p>\n\n\n\n<div class=\"wp-block-buttons is-content-justification-center is-layout-flex wp-container-core-buttons-is-layout-16018d1d wp-block-buttons-is-layout-flex\">\n<div class=\"wp-block-button\"><a class=\"wp-block-button__link wp-element-button\" href=\"https:\/\/www.egliseunity.com\/wp-content\/uploads\/2024\/04\/cours2.pdf\">Acc\u00e9der au cours<\/a><\/div>\n<\/div>\n<\/div><\/div>\n\n\n\n<div class=\"wp-block-media-text is-stacked-on-mobile\"><figure class=\"wp-block-media-text__media\"><img loading=\"lazy\" decoding=\"async\" width=\"462\" height=\"1024\" src=\"https:\/\/www.egliseunity.com\/wp-content\/uploads\/2024\/04\/cours3-462x1024.webp\" alt=\"\" class=\"wp-image-346 size-full\" srcset=\"https:\/\/www.egliseunity.com\/wp-content\/uploads\/2024\/04\/cours3-462x1024.webp 462w, https:\/\/www.egliseunity.com\/wp-content\/uploads\/2024\/04\/cours3-135x300.webp 135w, https:\/\/www.egliseunity.com\/wp-content\/uploads\/2024\/04\/cours3.webp 575w\" sizes=\"auto, (max-width: 462px) 100vw, 462px\" \/><\/figure><div class=\"wp-block-media-text__content\">\n<h2 class=\"wp-block-heading\">FORMATION AU SERVICE DE DIEU DANS SON \u00c9GLISE<\/h2>\n\n\n\n<p>Cours n\u00b03<\/p>\n\n\n\n<p>Dans la continuit\u00e9 de la formation doctrinale, l\u2019Eglise propose une formation au service de Dieu.<\/p>\n\n\n\n<p>L\u2019objectif est d\u2019aider chaque croyant \u00e0 accomplir la vocation que Dieu lui a adress\u00e9e.<br>Notre conviction c\u2019est que nous sommes \u00ab&nbsp;sauv\u00e9s pour servir&nbsp;\u00bb !<\/p>\n\n\n\n<p>\u00ab&nbsp;Servir Dieu c\u2019est bien mais bien servir c\u2019est mieux&nbsp;\u00bb :<br>l\u2019objectif est aussi de rendre meilleur le service que nous apportons \u00e0 Dieu, \u00e0 l\u2019Eglise et \u00e0 notre prochain !<\/p>\n\n\n\n<p>Pour cela, des stages dans diff\u00e9rents services de l\u2019Eglise sont propos\u00e9s et une formation biblique est apport\u00e9e autour de deux axes :&nbsp;Servir ensemble&nbsp;(la qualit\u00e9 des relations est essentielle pour toute activit\u00e9) et&nbsp;\u00catre un serviteur&nbsp;(la mentalit\u00e9, le caract\u00e8re et l\u2019attitude du serviteur).<\/p>\n\n\n\n<p>Un aper\u00e7u de cette formation est \u00e0 votre disposition en fichier joint.<\/p>\n\n\n\n<div class=\"wp-block-buttons is-content-justification-center is-layout-flex wp-container-core-buttons-is-layout-16018d1d wp-block-buttons-is-layout-flex\">\n<div class=\"wp-block-button\"><a class=\"wp-block-button__link wp-element-button\" href=\"https:\/\/www.egliseunity.com\/wp-content\/uploads\/2024\/04\/cours3.pdf\">Acc\u00e9der au cours<\/a><\/div>\n<\/div>\n<\/div><\/div>\n\n\n\n<div class=\"wp-block-media-text is-stacked-on-mobile\"><figure class=\"wp-block-media-text__media\"><img loading=\"lazy\" decoding=\"async\" width=\"548\" height=\"1024\" src=\"https:\/\/www.egliseunity.com\/wp-content\/uploads\/2024\/04\/cours4-548x1024.webp\" alt=\"\" class=\"wp-image-348 size-full\" srcset=\"https:\/\/www.egliseunity.com\/wp-content\/uploads\/2024\/04\/cours4-548x1024.webp 548w, https:\/\/www.egliseunity.com\/wp-content\/uploads\/2024\/04\/cours4-160x300.webp 160w, https:\/\/www.egliseunity.com\/wp-content\/uploads\/2024\/04\/cours4.webp 575w\" sizes=\"auto, (max-width: 548px) 100vw, 548px\" \/><\/figure><div class=\"wp-block-media-text__content\">\n<h2 class=\"wp-block-heading\">INITIATION \u00c0 LA TH\u00c9OLOGIE<\/h2>\n\n\n\n<p>Cours n\u00b04<\/p>\n\n\n\n<p>Le Cours n\u00b04&nbsp;s\u2019inscrit dans la continuit\u00e9 des enseignements pr\u00e9c\u00e9dents et se veut \u00e0 la fois un&nbsp;approfondissement spirituel&nbsp;et une&nbsp;introduction \u00e0 la th\u00e9ologie biblique.<\/p>\n\n\n\n<p>Il reprend des fondements bibliques comme la trinit\u00e9 et les dons spirituels, en y ajoute des aspects proprement th\u00e9ologiques (eschatologie, \u00e9thique, herm\u00e9neutique, introduction \u00e0 l\u2019Ancien et au Nouveau Testaments, etc.).<\/p>\n\n\n\n<p>Il est d\u00e9di\u00e9 \u00e0 ceux qui ont d\u00e9j\u00e0 suivi les cours pr\u00e9c\u00e9dents et souhaitent poursuivre leur approfondissement de la foi biblique.<\/p>\n\n\n\n<div class=\"wp-block-buttons is-content-justification-center is-layout-flex wp-container-core-buttons-is-layout-16018d1d wp-block-buttons-is-layout-flex\">\n<div class=\"wp-block-button\"><a class=\"wp-block-button__link wp-element-button\" href=\"https:\/\/www.egliseunity.com\/wp-content\/uploads\/2024\/04\/cours4.pdf\">Acc\u00e9der au cours<\/a><\/div>\n<\/div>\n<\/div><\/div>\n\n\n\n<div class=\"wp-block-media-text is-stacked-on-mobile\"><figure class=\"wp-block-media-text__media\"><img loading=\"lazy\" decoding=\"async\" width=\"548\" height=\"1024\" src=\"https:\/\/www.egliseunity.com\/wp-content\/uploads\/2024\/04\/cours5-548x1024.webp\" alt=\"\" class=\"wp-image-349 size-full\" srcset=\"https:\/\/www.egliseunity.com\/wp-content\/uploads\/2024\/04\/cours5-548x1024.webp 548w, https:\/\/www.egliseunity.com\/wp-content\/uploads\/2024\/04\/cours5-160x300.webp 160w, https:\/\/www.egliseunity.com\/wp-content\/uploads\/2024\/04\/cours5.webp 575w\" sizes=\"auto, (max-width: 548px) 100vw, 548px\" \/><\/figure><div class=\"wp-block-media-text__content\">\n<h2 class=\"wp-block-heading\">POUR ALLER PLUS LOIN<\/h2>\n\n\n\n<p>Enseignements vid\u00e9os<\/p>\n\n\n\n<p>Dans le d\u00e9sir d\u2019aller toujours plus loin et d\u2019offrir des ressources sans cesse&nbsp;renouvel\u00e9es, l\u2019\u00c9glise Antibes C\u00f4te d\u2019Azur s\u2019efforce de proposer la qualit\u00e9 de l\u2019\u00e9cole biblique dans l\u2019\u00c9glise locale, en recevant des enseignants d\u2019\u00e9coles bibliques pour des sessions d\u2019enseignements cibl\u00e9s.<br>Nous avons d\u00e9j\u00e0 eu Daniel Arnold, professeur \u00e0 l\u2019Institut Emma\u00fcs en Suisse, sur le proph\u00e8te Elie, l\u2019\u00c9vangile selon Marc et l\u2019\u00c9thique du Mariage, ainsi que Salvatore Sorce, professeur au CTS de Bruxelles et \u00e0 la Facult\u00e9 de Th\u00e9ologie de J\u00e9rusalem, sur l\u2019Introduction aux \u00c9vangiles. Vous trouverez ci-dessous les&nbsp;liens vers les vid\u00e9os disponibles sur Youtube.<\/p>\n\n\n\n<div class=\"wp-block-buttons is-content-justification-center is-layout-flex wp-container-core-buttons-is-layout-16018d1d wp-block-buttons-is-layout-flex\">\n<div class=\"wp-block-button\"><a class=\"wp-block-button__link wp-element-button\" href=\"https:\/\/www.youtube.com\/channel\/UCTyx6QnwQChoBQX4G6COUcg\/featured\">Voir les vid\u00e9os<\/a><\/div>\n<\/div>\n<\/div><\/div>\n","protected":false},"excerpt":{"rendered":"","protected":false},"author":1,"featured_media":0,"parent":0,"menu_order":0,"comment_status":"closed","ping_status":"closed","template":"","meta":{"footnotes":""},"class_list":["post-230","page","type-page","status-publish","hentry"],"_links":{"self":[{"href":"https:\/\/www.egliseunity.com\/index.php\/wp-json\/wp\/v2\/pages\/230","targetHints":{"allow":["GET"]}}],"collection":[{"href":"https:\/\/www.egliseunity.com\/index.php\/wp-json\/wp\/v2\/pages"}],"about":[{"href":"https:\/\/www.egliseunity.com\/index.php\/wp-json\/wp\/v2\/types\/page"}],"author":[{"embeddable":true,"href":"https:\/\/www.egliseunity.com\/index.php\/wp-json\/wp\/v2\/users\/1"}],"replies":[{"embeddable":true,"href":"https:\/\/www.egliseunity.com\/index.php\/wp-json\/wp\/v2\/comments?post=230"}],"version-history":[{"count":10,"href":"https:\/\/www.egliseunity.com\/index.php\/wp-json\/wp\/v2\/pages\/230\/revisions"}],"predecessor-version":[{"id":351,"href":"https:\/\/www.egliseunity.com\/index.php\/wp-json\/wp\/v2\/pages\/230\/revisions\/351"}],"wp:attachment":[{"href":"https:\/\/www.egliseunity.com\/index.php\/wp-json\/wp\/v2\/media?parent=230"}],"curies":[{"name":"wp","href":"https:\/\/api.w.org\/{rel}","templated":true}]}}