{"id":25,"date":"2024-01-02T16:06:18","date_gmt":"2024-01-02T15:06:18","guid":{"rendered":"https:\/\/egliseunity.com\/?page_id=25"},"modified":"2024-04-28T14:19:40","modified_gmt":"2024-04-28T12:19:40","slug":"reunir","status":"publish","type":"page","link":"https:\/\/www.egliseunity.com\/index.php\/reunir\/","title":{"rendered":"R\u00c9UNIR"},"content":{"rendered":"\n<p>Des r\u00e9unions sp\u00e9cifiques pour les jeunes, les adolescents, les enfants et les ain\u00e9s sont organis\u00e9es afin d&rsquo;offrir des moments de partages et\u00a0\u00a0de r\u00e9unir chaque\u00a0 g\u00e9n\u00e9ration\u00a0autour de la Parole de Dieu dans une forme qui convient \u00e0 chacune.<\/p>\n","protected":false},"excerpt":{"rendered":"<p>Des r\u00e9unions sp\u00e9cifiques pour les jeunes, les adolescents, les enfants et les ain\u00e9s sont organis\u00e9es afin d&rsquo;offrir des moments de partages et\u00a0\u00a0de r\u00e9unir chaque\u00a0 g\u00e9n\u00e9ration\u00a0autour de la Parole de Dieu [&hellip;]<\/p>\n","protected":false},"author":1,"featured_media":335,"parent":0,"menu_order":0,"comment_status":"closed","ping_status":"closed","template":"","meta":{"footnotes":""},"class_list":["post-25","page","type-page","status-publish","has-post-thumbnail","hentry"],"_links":{"self":[{"href":"https:\/\/www.egliseunity.com\/index.php\/wp-json\/wp\/v2\/pages\/25","targetHints":{"allow":["GET"]}}],"collection":[{"href":"https:\/\/www.egliseunity.com\/index.php\/wp-json\/wp\/v2\/pages"}],"about":[{"href":"https:\/\/www.egliseunity.com\/index.php\/wp-json\/wp\/v2\/types\/page"}],"author":[{"embeddable":true,"href":"https:\/\/www.egliseunity.com\/index.php\/wp-json\/wp\/v2\/users\/1"}],"replies":[{"embeddable":true,"href":"https:\/\/www.egliseunity.com\/index.php\/wp-json\/wp\/v2\/comments?post=25"}],"version-history":[{"count":1,"href":"https:\/\/www.egliseunity.com\/index.php\/wp-json\/wp\/v2\/pages\/25\/revisions"}],"predecessor-version":[{"id":27,"href":"https:\/\/www.egliseunity.com\/index.php\/wp-json\/wp\/v2\/pages\/25\/revisions\/27"}],"wp:featuredmedia":[{"embeddable":true,"href":"https:\/\/www.egliseunity.com\/index.php\/wp-json\/wp\/v2\/media\/335"}],"wp:attachment":[{"href":"https:\/\/www.egliseunity.com\/index.php\/wp-json\/wp\/v2\/media?parent=25"}],"curies":[{"name":"wp","href":"https:\/\/api.w.org\/{rel}","templated":true}]}}